{"id":810,"date":"2024-01-08T12:00:12","date_gmt":"2024-01-08T11:00:12","guid":{"rendered":"http:\/\/laperlecafe.fr\/?post_type=tribe_events&#038;p=810"},"modified":"2026-04-02T13:10:09","modified_gmt":"2026-04-02T11:10:09","slug":"cafe-bricole-4","status":"publish","type":"tribe_events","link":"https:\/\/laperlecafe.fr\/index.php\/animation\/cafe-bricole-4\/","title":{"rendered":"Bricol caf\u00e9"},"content":{"rendered":"<p><span class=\"author-a-6z66zz122z1ez86zgz83zz78z1z88zdjz66zkm\">Le pre\u00admier same\u00addi de chaque mois, un ate\u00adlier gra\u00adtu\u00adit (adh\u00e9\u00adsion \u00e0 l\u2019as\u00adso\u00adci\u00ada\u00adtion La Per\u00adle oblig\u00ada\u00adtoire), col\u00adlab\u00ado\u00adratif et par\u00adtic\u00adi\u00adpatif con\u00adsacr\u00e9 \u00e0 la r\u00e9pa\u00adra\u00adtion d\u2019ob\u00adjets, petit \u00e9lec\u00adtrom\u00e9\u00adnag\u00ader, informatique\u2026<\/span><\/p>\n","protected":false},"excerpt":{"rendered":"<p>Le pre\u00admier same\u00addi de chaque mois, un ate\u00adlier gra\u00adtu\u00adit (adh\u00e9\u00adsion \u00e0 l\u2019as\u00adso\u00adci\u00ada\u00adtion La Per\u00adle oblig\u00ada\u00adtoire), col\u00adlab\u00ado\u00adratif et par\u00adtic\u00adi\u00adpatif con\u00adsacr\u00e9 \u00e0 la r\u00e9pa\u00adra\u00adtion d\u2019ob\u00adjets, petit \u00e9lec\u00adtrom\u00e9\u00adnag\u00ader, informatique\u2026<\/p>\n","protected":false},"author":1,"featured_media":1293,"comment_status":"open","ping_status":"closed","template":"","meta":{"wp_typography_post_enhancements_disabled":false,"_tribe_events_status":"","_tribe_events_status_reason":"","footnotes":""},"tags":[],"tribe_events_cat":[60],"class_list":["post-810","tribe_events","type-tribe_events","status-publish","has-post-thumbnail","hentry","tribe_events_cat-atelier","cat_atelier"],"yoast_head":"<!-- This site is optimized with the Yoast SEO plugin v26.5 - https:\/\/yoast.com\/wordpress\/plugins\/seo\/ -->\n<title>Bricol caf\u00e9 - La Perle<\/title>\n<meta name=\"robots\" content=\"index, follow, max-snippet:-1, max-image-preview:large, max-video-preview:-1\" \/>\n<link rel=\"canonical\" href=\"https:\/\/laperlecafe.fr\/index.php\/animation\/cafe-bricole-4\/\" \/>\n<meta property=\"og:locale\" content=\"fr_FR\" \/>\n<meta property=\"og:type\" content=\"article\" \/>\n<meta property=\"og:title\" content=\"Bricol caf\u00e9 - La Perle\" \/>\n<meta property=\"og:description\" content=\"Le pre\u00admier same\u00addi de chaque mois, un ate\u00adlier gra\u00adtu\u00adit (adh\u00e9\u00adsion \u00e0 l\u2019as\u00adso\u00adci\u00ada\u00adtion La Per\u00adle oblig\u00ada\u00adtoire), col\u00adlab\u00ado\u00adratif et par\u00adtic\u00adi\u00adpatif con\u00adsacr\u00e9 \u00e0 la r\u00e9pa\u00adra\u00adtion d\u2019ob\u00adjets, petit \u00e9lec\u00adtrom\u00e9\u00adnag\u00ader, informatique\u2026\" \/>\n<meta property=\"og:url\" content=\"https:\/\/laperlecafe.fr\/index.php\/animation\/cafe-bricole-4\/\" \/>\n<meta property=\"og:site_name\" content=\"La Perle\" \/>\n<meta property=\"article:modified_time\" content=\"2026-04-02T11:10:09+00:00\" \/>\n<meta property=\"og:image\" content=\"https:\/\/laperlecafe.fr\/wp-content\/uploads\/2026\/03\/IMG_2488-scaled.jpeg\" \/>\n\t<meta property=\"og:image:width\" content=\"1920\" \/>\n\t<meta property=\"og:image:height\" content=\"2560\" \/>\n\t<meta property=\"og:image:type\" content=\"image\/jpeg\" \/>\n<meta name=\"twitter:card\" content=\"summary_large_image\" \/>\n<meta name=\"twitter:label1\" content=\"Dur\u00e9e de lecture estim\u00e9e\" \/>\n\t<meta name=\"twitter:data1\" content=\"1 minute\" \/>\n<script type=\"application\/ld+json\" class=\"yoast-schema-graph\">{\"@context\":\"https:\/\/schema.org\",\"@graph\":[{\"@type\":\"WebPage\",\"@id\":\"https:\/\/laperlecafe.fr\/index.php\/animation\/cafe-bricole-4\/\",\"url\":\"https:\/\/laperlecafe.fr\/index.php\/animation\/cafe-bricole-4\/\",\"name\":\"Bricol caf\u00e9 - La Perle\",\"isPartOf\":{\"@id\":\"https:\/\/laperlecafe.fr\/#website\"},\"primaryImageOfPage\":{\"@id\":\"https:\/\/laperlecafe.fr\/index.php\/animation\/cafe-bricole-4\/#primaryimage\"},\"image\":{\"@id\":\"https:\/\/laperlecafe.fr\/index.php\/animation\/cafe-bricole-4\/#primaryimage\"},\"thumbnailUrl\":\"https:\/\/laperlecafe.fr\/wp-content\/uploads\/2026\/03\/IMG_2488-scaled.jpeg\",\"datePublished\":\"2024-01-08T11:00:12+00:00\",\"dateModified\":\"2026-04-02T11:10:09+00:00\",\"breadcrumb\":{\"@id\":\"https:\/\/laperlecafe.fr\/index.php\/animation\/cafe-bricole-4\/#breadcrumb\"},\"inLanguage\":\"fr-FR\",\"potentialAction\":[{\"@type\":\"ReadAction\",\"target\":[\"https:\/\/laperlecafe.fr\/index.php\/animation\/cafe-bricole-4\/\"]}]},{\"@type\":\"ImageObject\",\"inLanguage\":\"fr-FR\",\"@id\":\"https:\/\/laperlecafe.fr\/index.php\/animation\/cafe-bricole-4\/#primaryimage\",\"url\":\"https:\/\/laperlecafe.fr\/wp-content\/uploads\/2026\/03\/IMG_2488-scaled.jpeg\",\"contentUrl\":\"https:\/\/laperlecafe.fr\/wp-content\/uploads\/2026\/03\/IMG_2488-scaled.jpeg\",\"width\":1920,\"height\":2560},{\"@type\":\"BreadcrumbList\",\"@id\":\"https:\/\/laperlecafe.fr\/index.php\/animation\/cafe-bricole-4\/#breadcrumb\",\"itemListElement\":[{\"@type\":\"ListItem\",\"position\":1,\"name\":\"Accueil\",\"item\":\"https:\/\/laperlecafe.fr\/\"},{\"@type\":\"ListItem\",\"position\":2,\"name\":\"\u00c9v\u00e8nements\",\"item\":\"https:\/\/laperlecafe.fr\/index.php\/animations\/\"},{\"@type\":\"ListItem\",\"position\":3,\"name\":\"Bricol caf\u00e9\"}]},{\"@type\":\"WebSite\",\"@id\":\"https:\/\/laperlecafe.fr\/#website\",\"url\":\"https:\/\/laperlecafe.fr\/\",\"name\":\"La Perle\",\"description\":\"collectif perlusien\",\"publisher\":{\"@id\":\"https:\/\/laperlecafe.fr\/#organization\"},\"potentialAction\":[{\"@type\":\"SearchAction\",\"target\":{\"@type\":\"EntryPoint\",\"urlTemplate\":\"https:\/\/laperlecafe.fr\/?s={search_term_string}\"},\"query-input\":{\"@type\":\"PropertyValueSpecification\",\"valueRequired\":true,\"valueName\":\"search_term_string\"}}],\"inLanguage\":\"fr-FR\"},{\"@type\":\"Organization\",\"@id\":\"https:\/\/laperlecafe.fr\/#organization\",\"name\":\"La Perle\",\"url\":\"https:\/\/laperlecafe.fr\/\",\"logo\":{\"@type\":\"ImageObject\",\"inLanguage\":\"fr-FR\",\"@id\":\"https:\/\/laperlecafe.fr\/#\/schema\/logo\/image\/\",\"url\":\"https:\/\/laperlecafe.fr\/wp-content\/uploads\/2023\/03\/cropped-Bandeau-site-rouge.jpg\",\"contentUrl\":\"https:\/\/laperlecafe.fr\/wp-content\/uploads\/2023\/03\/cropped-Bandeau-site-rouge.jpg\",\"width\":2076,\"height\":300,\"caption\":\"La Perle\"},\"image\":{\"@id\":\"https:\/\/laperlecafe.fr\/#\/schema\/logo\/image\/\"}}]}<\/script>\n<!-- \/ Yoast SEO plugin. -->","yoast_head_json":{"title":"Bricol caf\u00e9 - La Perle","robots":{"index":"index","follow":"follow","max-snippet":"max-snippet:-1","max-image-preview":"max-image-preview:large","max-video-preview":"max-video-preview:-1"},"canonical":"https:\/\/laperlecafe.fr\/index.php\/animation\/cafe-bricole-4\/","og_locale":"fr_FR","og_type":"article","og_title":"Bricol caf\u00e9 - La Perle","og_description":"Le pre\u00admier same\u00addi de chaque mois, un ate\u00adlier gra\u00adtu\u00adit (adh\u00e9\u00adsion \u00e0 l\u2019as\u00adso\u00adci\u00ada\u00adtion La Per\u00adle oblig\u00ada\u00adtoire), col\u00adlab\u00ado\u00adratif et par\u00adtic\u00adi\u00adpatif con\u00adsacr\u00e9 \u00e0 la r\u00e9pa\u00adra\u00adtion d\u2019ob\u00adjets, petit \u00e9lec\u00adtrom\u00e9\u00adnag\u00ader, informatique\u2026","og_url":"https:\/\/laperlecafe.fr\/index.php\/animation\/cafe-bricole-4\/","og_site_name":"La Perle","article_modified_time":"2026-04-02T11:10:09+00:00","og_image":[{"width":1920,"height":2560,"url":"https:\/\/laperlecafe.fr\/wp-content\/uploads\/2026\/03\/IMG_2488-scaled.jpeg","type":"image\/jpeg"}],"twitter_card":"summary_large_image","twitter_misc":{"Dur\u00e9e de lecture estim\u00e9e":"1 minute"},"schema":{"@context":"https:\/\/schema.org","@graph":[{"@type":"WebPage","@id":"https:\/\/laperlecafe.fr\/index.php\/animation\/cafe-bricole-4\/","url":"https:\/\/laperlecafe.fr\/index.php\/animation\/cafe-bricole-4\/","name":"Bricol caf\u00e9 - La Perle","isPartOf":{"@id":"https:\/\/laperlecafe.fr\/#website"},"primaryImageOfPage":{"@id":"https:\/\/laperlecafe.fr\/index.php\/animation\/cafe-bricole-4\/#primaryimage"},"image":{"@id":"https:\/\/laperlecafe.fr\/index.php\/animation\/cafe-bricole-4\/#primaryimage"},"thumbnailUrl":"https:\/\/laperlecafe.fr\/wp-content\/uploads\/2026\/03\/IMG_2488-scaled.jpeg","datePublished":"2024-01-08T11:00:12+00:00","dateModified":"2026-04-02T11:10:09+00:00","breadcrumb":{"@id":"https:\/\/laperlecafe.fr\/index.php\/animation\/cafe-bricole-4\/#breadcrumb"},"inLanguage":"fr-FR","potentialAction":[{"@type":"ReadAction","target":["https:\/\/laperlecafe.fr\/index.php\/animation\/cafe-bricole-4\/"]}]},{"@type":"ImageObject","inLanguage":"fr-FR","@id":"https:\/\/laperlecafe.fr\/index.php\/animation\/cafe-bricole-4\/#primaryimage","url":"https:\/\/laperlecafe.fr\/wp-content\/uploads\/2026\/03\/IMG_2488-scaled.jpeg","contentUrl":"https:\/\/laperlecafe.fr\/wp-content\/uploads\/2026\/03\/IMG_2488-scaled.jpeg","width":1920,"height":2560},{"@type":"BreadcrumbList","@id":"https:\/\/laperlecafe.fr\/index.php\/animation\/cafe-bricole-4\/#breadcrumb","itemListElement":[{"@type":"ListItem","position":1,"name":"Accueil","item":"https:\/\/laperlecafe.fr\/"},{"@type":"ListItem","position":2,"name":"\u00c9v\u00e8nements","item":"https:\/\/laperlecafe.fr\/index.php\/animations\/"},{"@type":"ListItem","position":3,"name":"Bricol caf\u00e9"}]},{"@type":"WebSite","@id":"https:\/\/laperlecafe.fr\/#website","url":"https:\/\/laperlecafe.fr\/","name":"La Perle","description":"collectif perlusien","publisher":{"@id":"https:\/\/laperlecafe.fr\/#organization"},"potentialAction":[{"@type":"SearchAction","target":{"@type":"EntryPoint","urlTemplate":"https:\/\/laperlecafe.fr\/?s={search_term_string}"},"query-input":{"@type":"PropertyValueSpecification","valueRequired":true,"valueName":"search_term_string"}}],"inLanguage":"fr-FR"},{"@type":"Organization","@id":"https:\/\/laperlecafe.fr\/#organization","name":"La Perle","url":"https:\/\/laperlecafe.fr\/","logo":{"@type":"ImageObject","inLanguage":"fr-FR","@id":"https:\/\/laperlecafe.fr\/#\/schema\/logo\/image\/","url":"https:\/\/laperlecafe.fr\/wp-content\/uploads\/2023\/03\/cropped-Bandeau-site-rouge.jpg","contentUrl":"https:\/\/laperlecafe.fr\/wp-content\/uploads\/2023\/03\/cropped-Bandeau-site-rouge.jpg","width":2076,"height":300,"caption":"La Perle"},"image":{"@id":"https:\/\/laperlecafe.fr\/#\/schema\/logo\/image\/"}}]}},"_links":{"self":[{"href":"https:\/\/laperlecafe.fr\/index.php\/wp-json\/wp\/v2\/tribe_events\/810","targetHints":{"allow":["GET"]}}],"collection":[{"href":"https:\/\/laperlecafe.fr\/index.php\/wp-json\/wp\/v2\/tribe_events"}],"about":[{"href":"https:\/\/laperlecafe.fr\/index.php\/wp-json\/wp\/v2\/types\/tribe_events"}],"author":[{"embeddable":true,"href":"https:\/\/laperlecafe.fr\/index.php\/wp-json\/wp\/v2\/users\/1"}],"replies":[{"embeddable":true,"href":"https:\/\/laperlecafe.fr\/index.php\/wp-json\/wp\/v2\/comments?post=810"}],"version-history":[{"count":5,"href":"https:\/\/laperlecafe.fr\/index.php\/wp-json\/wp\/v2\/tribe_events\/810\/revisions"}],"predecessor-version":[{"id":1328,"href":"https:\/\/laperlecafe.fr\/index.php\/wp-json\/wp\/v2\/tribe_events\/810\/revisions\/1328"}],"wp:featuredmedia":[{"embeddable":true,"href":"https:\/\/laperlecafe.fr\/index.php\/wp-json\/wp\/v2\/media\/1293"}],"wp:attachment":[{"href":"https:\/\/laperlecafe.fr\/index.php\/wp-json\/wp\/v2\/media?parent=810"}],"wp:term":[{"taxonomy":"post_tag","embeddable":true,"href":"https:\/\/laperlecafe.fr\/index.php\/wp-json\/wp\/v2\/tags?post=810"},{"taxonomy":"tribe_events_cat","embeddable":true,"href":"https:\/\/laperlecafe.fr\/index.php\/wp-json\/wp\/v2\/tribe_events_cat?post=810"}],"curies":[{"name":"wp","href":"https:\/\/api.w.org\/{rel}","templated":true}]}}

Bricol café

<p><span class="author-a-6z66zz122z1ez86zgz83zz78z1z88zdjz66zkm">Le pre­mier same­di de chaque mois, un ate­lier gra­tu­it (adhé­sion à l’as­so­ci­a­tion La Per­le oblig­a­toire), col­lab­o­ratif et par­tic­i­patif con­sacré à la répa­ra­tion d’ob­jets, petit élec­tromé­nag­er, informatique…</span></p>

<p>Le pre­mier same­di de chaque mois, un ate­lier gra­tu­it (adhé­sion à l’as­so­ci­a­tion La Per­le oblig­a­toire), col­lab­o­ratif et par­tic­i­patif con­sacré à la répa­ra­tion d’ob­jets, petit élec­tromé­nag­er, informatique…</p>

<!-- This site is optimized with the Yoast SEO plugin v26.5 - https://yoast.com/wordpress/plugins/seo/ -->
<title>Bricol café - La Perle</title>
<meta name="robots" content="index, follow, max-snippet:-1, max-image-preview:large, max-video-preview:-1" />
<link rel="canonical" href="https://laperlecafe.fr/index.php/animation/cafe-bricole-4/" />
<meta property="og:locale" content="fr_FR" />
<meta property="og:type" content="article" />
<meta property="og:title" content="Bricol café - La Perle" />
<meta property="og:description" content="Le pre­mier same­di de chaque mois, un ate­lier gra­tu­it (adhé­sion à l’as­so­ci­a­tion La Per­le oblig­a­toire), col­lab­o­ratif et par­tic­i­patif con­sacré à la répa­ra­tion d’ob­jets, petit élec­tromé­nag­er, informatique…" />
<meta property="og:url" content="https://laperlecafe.fr/index.php/animation/cafe-bricole-4/" />
<meta property="og:site_name" content="La Perle" />
<meta property="article:modified_time" content="2026-04-02T11:10:09+00:00" />
<meta property="og:image" content="https://laperlecafe.fr/wp-content/uploads/2026/03/IMG_2488-scaled.jpeg" />
	<meta property="og:image:width" content="1920" />
	<meta property="og:image:height" content="2560" />
	<meta property="og:image:type" content="image/jpeg" />
<meta name="twitter:card" content="summary_large_image" />
<meta name="twitter:label1" content="Durée de lecture estimée" />
	<meta name="twitter:data1" content="1 minute" />
<script type="application/ld+json" class="yoast-schema-graph">{"@context":"https://schema.org","@graph":[{"@type":"WebPage","@id":"https://laperlecafe.fr/index.php/animation/cafe-bricole-4/","url":"https://laperlecafe.fr/index.php/animation/cafe-bricole-4/","name":"Bricol café - La Perle","isPartOf":{"@id":"https://laperlecafe.fr/#website"},"primaryImageOfPage":{"@id":"https://laperlecafe.fr/index.php/animation/cafe-bricole-4/#primaryimage"},"image":{"@id":"https://laperlecafe.fr/index.php/animation/cafe-bricole-4/#primaryimage"},"thumbnailUrl":"https://laperlecafe.fr/wp-content/uploads/2026/03/IMG_2488-scaled.jpeg","datePublished":"2024-01-08T11:00:12+00:00","dateModified":"2026-04-02T11:10:09+00:00","breadcrumb":{"@id":"https://laperlecafe.fr/index.php/animation/cafe-bricole-4/#breadcrumb"},"inLanguage":"fr-FR","potentialAction":[{"@type":"ReadAction","target":["https://laperlecafe.fr/index.php/animation/cafe-bricole-4/"]}]},{"@type":"ImageObject","inLanguage":"fr-FR","@id":"https://laperlecafe.fr/index.php/animation/cafe-bricole-4/#primaryimage","url":"https://laperlecafe.fr/wp-content/uploads/2026/03/IMG_2488-scaled.jpeg","contentUrl":"https://laperlecafe.fr/wp-content/uploads/2026/03/IMG_2488-scaled.jpeg","width":1920,"height":2560},{"@type":"BreadcrumbList","@id":"https://laperlecafe.fr/index.php/animation/cafe-bricole-4/#breadcrumb","itemListElement":[{"@type":"ListItem","position":1,"name":"Accueil","item":"https://laperlecafe.fr/"},{"@type":"ListItem","position":2,"name":"Évènements","item":"https://laperlecafe.fr/index.php/animations/"},{"@type":"ListItem","position":3,"name":"Bricol café"}]},{"@type":"WebSite","@id":"https://laperlecafe.fr/#website","url":"https://laperlecafe.fr/","name":"La Perle","description":"collectif perlusien","publisher":{"@id":"https://laperlecafe.fr/#organization"},"potentialAction":[{"@type":"SearchAction","target":{"@type":"EntryPoint","urlTemplate":"https://laperlecafe.fr/?s={search_term_string}"},"query-input":{"@type":"PropertyValueSpecification","valueRequired":true,"valueName":"search_term_string"}}],"inLanguage":"fr-FR"},{"@type":"Organization","@id":"https://laperlecafe.fr/#organization","name":"La Perle","url":"https://laperlecafe.fr/","logo":{"@type":"ImageObject","inLanguage":"fr-FR","@id":"https://laperlecafe.fr/#/schema/logo/image/","url":"https://laperlecafe.fr/wp-content/uploads/2023/03/cropped-Bandeau-site-rouge.jpg","contentUrl":"https://laperlecafe.fr/wp-content/uploads/2023/03/cropped-Bandeau-site-rouge.jpg","width":2076,"height":300,"caption":"La Perle"},"image":{"@id":"https://laperlecafe.fr/#/schema/logo/image/"}}]}</script>
<!-- / Yoast SEO plugin. -->

Bricol café - La Perle

Le pre­mier same­di de chaque mois, un ate­lier gra­tu­it (adhé­sion à l’as­so­ci­a­tion La Per­le oblig­a­toire), col­lab­o­ratif et par­tic­i­patif con­sacré à la répa­ra­tion d’ob­jets, petit élec­tromé­nag­er, informatique…

Évènements
